0. What are the prime factors of m?
127, 179
Suppose -549 = 3*d + 5*f + 2634, 2*f = d + 1050. Let u = 1501 + d. Suppose -3*w = -p - 266, -u = -6*w + w + 2*p. List the prime factors of w.
3, 29
Let u be (-1)/(-3*5/(-1065)). Let y = 209 + u. What are the prime factors of y?
2, 3, 23
Let k be (14/(-35))/((-1 - 0)/5). Let m be (-2990)/(-12) + k/(-12). Suppose 3*z = m + 231. What are the prime factors of z?
2, 5
Let t(k) = 105*k - 1. Let p(m) = 210*m - 2. Let g(r) = -3*p(r) + 7*t(r). Let l be g(-2). Let u = l + 332. What are the prime factors of u?
11
List the prime factors of 1980/825*470/4.
2, 3, 47
Suppose -2*o = 9*o + 990. Let j = 444 + o. What are the prime factors of j?
2, 3, 59
Let s(y) be the third derivative of y**4/3 - 17*y**3/3 + 3*y**2 + 7*y. What are the prime factors of s(18)?
2, 5, 11
Let m(x) = 292*x - 843. List the prime factors of m(25).
11, 587
Let w be 16/((34/(-1955))/(1/(-5))). Suppose 0 = 4*i + i + 3*b - 491, 5*b = 2*i - w. What are the prime factors of i?
97
Suppose 119*k + 624316 = 10330031 + 750339. What are the prime factors of k?
2, 43933
Let q(x) = x**2 - 3*x + 7. Let t be q(2). Suppose -85 = 4*f - t*w - 281, f - 56 = 3*w. Let c = 141 - f. List the prime factors of c.
97
Suppose -4*t - 8 = -20. Suppose 5*p = 6 + 4, t*p - 2896 = -5*h. Suppose 15*d - h = 1087. What are the prime factors of d?
3, 37
Let m = -273 - -396. Suppose 124*i - m*i = 726. What are the prime factors of i?
2, 3, 11
Let r(i) = -302*i - 10. Let j be r(-3). Suppose -3*h + j - 350 = 0. List the prime factors of h.
2, 7, 13
Suppose -40322*l - 587312 = -40333*l. What are the prime factors of l?
2, 47, 71
Suppose 0 = -0*v + v + 3*t - 170, 4*v - 3*t = 710. Let s = v + 54. List the prime factors of s.
2, 5, 23
Let g(p) = -6*p - 8. Let j be g(6). Let k be 2 - (810/12 - 2/(-4)). Let m = j - k. List the prime factors of m.
2, 11
Suppose 5*d + 3*n - 29 = 2*n, -d + 21 = 4*n. What are the prime factors of (d + 929)/(5 - 3)?
467
Suppose -n + 0 = 2*l + 1, -2*n = -6. Let s be (-1*3)/(9/(-120) - 0). What are the prime factors of (s/10)/(l/(-49))?
2, 7
Let p(b) = b**3 + 2*b**2 - 8*b + 5. Let u be p(5). Suppose 2539 + 349 = -38*z. Let l = u + z. List the prime factors of l.
2
Let f(x) = -7*x + 17 + 13 + 4. Let u be f(12). Let l = u - -179. List the prime factors of l.
3, 43
Suppose -o + 1 = -5. Suppose o*y - 91 = -y. Let n(t) = 11*t + 26. List the prime factors of n(y).
13
List the prime factors of (-206)/((2/14)/((-1927)/287)).
2, 47, 103
List the prime factors of ((-27)/15)/((-23)/((-1956840)/(-18))).
2, 3, 709
Let i(v) = v**3 + 19*v**2 + 32*v - 31. Let j be i(-17). Suppose -2*g - 328 = -4*m, -j*g - 19 + 13 = 0. What are the prime factors of m?
3
What are the prime factors of 5*(-1065)/(-225)*501?
71, 167
Let h = 6726 - 4115. Suppose -11081 = -14*c - h. List the prime factors of c.
5, 11
Suppose -4*x = -0*h + 5*h - 598, 0 = -5*h - 3*x + 596. Let s = -88 + h. List the prime factors of s.
2, 3, 5
Suppose -4*b - 129611 = -3*c, -42*c + 37*c + 215949 = 2*b. What are the prime factors of c?
47, 919
Let x = 101 - 101. List the prime factors of (3 - (4 - 4)) + x + 249.
2, 3, 7
List the prime factors of (8872/9)/((-16)/(-216)).
2, 3, 1109
Suppose 3*h - 21*z = -19*z + 26248, 0 = 2*h - 5*z - 17484. What are the prime factors of h?
2, 547
What are the prime factors of (-1 + 12199)/(77 + -76)?
2, 3, 19, 107
Let d(m) = -2218*m - 2438. List the prime factors of d(-6).
2, 5, 1087
Suppose -4*v + 268 = -4*f - 2312, 0 = -2*v + 4*f + 1288. Suppose -4*u + 1292 = b, 0*b = -2*u - b + v. List the prime factors of u.
17, 19
Let o be 6/(-9)*(6 - 129618/12). Suppose o = 12*z + 57. List the prime factors of z.
5, 7, 17
Let k(t) = 32*t**2 + 5*t - 7. Suppose 68*r = 65*r + 6. List the prime factors of k(r).
131
Let g(m) = -1851*m + 1395. List the prime factors of g(-12).
3, 43, 61
Suppose 6*x - 46 - 26 = 0. List the prime factors of 4671/x + -3 + 22/8.
389
Let i be (1 - 1)*(13 - 14). Suppose -5*r + 3*r + 16 = i. Suppose -r = -0*b - b. What are the prime factors of b?
2
Let o = -78 + 82. Suppose -p - 4 = -4*t + 9, -p = -t + o. List the prime factors of 151 + (p + 16)/(-5).
2, 37
Let p = -19 + 19. Let u(l) = 8*l - 35. Let x be u(5). Suppose -x*m + 6*m - 46 = p. What are the prime factors of m?
2, 23
Suppose 16*f - 32 = 12*f. Let v(d) = -d**2 + 8*d + 4. Let l be v(f). Suppose -2*g - 2*a - 95 = -3*g, 368 = l*g - 5*a. List the prime factors of g.
3, 29
Let i(n) be the third derivative of 17*n**5/60 - n**4/6 + 4*n**3/3 + 3*n**2 - 13*n. List the prime factors of i(4).
2, 3, 11
Suppose 27786 = 110*j - 3564. List the prime factors of j.
3, 5, 19
Let u = 33343 - 15929. List the prime factors of u.
2, 8707
Let q = -165 + 170. Suppose 0 = -q*g + 236 + 324. What are the prime factors of g?
2, 7
Suppose -2*k = y - 17, -2*y - 2*k + 36 = -0*y. Suppose 17*g = y*g. Suppose g*t = -t + 5*f + 68, -f + 114 = 2*t. List the prime factors of t.
2, 29
Let n(b) = -242*b + 3224. What are the prime factors of n(-7)?
2, 2459
What are the prime factors of (((-4353)/(-5))/3)/(-9 + 230/25)?
1451
Suppose 0 = -2*y + 2*q + 666, -q - 1659 = -5*y + 2*q. Let f = -1038 + 1043. Suppose -k = 2*r + k - y, f*k + 195 = r. What are the prime factors of r?
2, 5, 17
Suppose -5*f + 40 - 35 = 0. List the prime factors of f/4 + 30/40 + 42.
43
Suppose 0 = h + h + f - 33, -45 = -4*h + 5*f. Suppose 6*c = 9*c - h. Suppose -30 = c*o - 11*o. What are the prime factors of o?
5
Let f(d) = -974*d + 7202. List the prime factors of f(-8).
2, 3, 7, 17
Suppose 5*x = 4*v + 16053, -2*v = -5*v + 4*x - 12041. What are the prime factors of (-15)/(-120) - v/8?
3, 167
Let w(l) = 3*l - 32. Let f be w(11). Suppose -3*x + 59 = -m, -x - 4*m = -f - 10. List the prime factors of x.
19
Let f = -3247 + 14318. What are the prime factors of f?
11071
List the prime factors of (49074/(-15))/(440/(-275) + 12/10).
8179
Let n be 2/(-4)*(5 + 35/(-7)). Suppose 9*d - 790 - 1739 = n. List the prime factors of d.
281
What are the prime factors of (-2 - (-121)/2)*12922/21?
3, 13, 71
Suppose 0 = -5*b + 2*p - 335, -3*b - 4*p + 134 = -5*b. Let c be ((-11)/(132/(-8)))/((-4)/(-450)). Let y = c + b. What are the prime factors of y?
2
Let a = 4126 - 1337. List the prime factors of a.
2789
Let r(c) = 2*c + 9 - 33*c**2 + 27 + 42*c**2 - 15*c. Let s be r(6). Let u = -179 + s. What are the prime factors of u?
103
Suppose 2*h = -2*g - 90, 4*g - 3*g - 5 = 0. Let a = 288 + h. What are the prime factors of a?
2, 7, 17
Let f = -626 + 631. Let z(b) = 16*b**2 - 17*b + 27. Let k(w) = 8*w**2 - 8*w + 13. Let c(d) = 5*k(d) - 2*z(d). List the prime factors of c(f).
181
Suppose -5*g + 3*l + 341 = 0, -2*g = -4*l - 55 - 87. Suppose -g*c = -66*c - 663. List the prime factors of c.
3, 13, 17
Let k be (64/24)/4 - 7166/(-6). Let p = k + -743. What are the prime factors of p?
2, 113
List the prime factors of 210/28 - 38889/(-6).
3, 7, 103
Let x be 5392/7 + (-20)/70. Suppose 5*t = -2*j + 2256, -j = -2*t + x + 136. List the prime factors of t.
2, 113
Suppose 0 = -5*z + g + 376 + 257, 2*z - 2*g - 250 = 0. Suppose -20 = z*q - 132*q. Let n = 162 + q. List the prime factors of n.
2, 83
List the prime factors of (90/120)/(1/(115512/9)).
2, 4813
Let u be (-5036)/(-10)*115/46. What are the prime factors of 3 + 72/(-9) + u?
2, 3, 11, 19
Let l be (-9)/(-2)*(-56)/21. Let r = l - -13. List the prime factors of -2 - ((r + 0 - 1) + -125).
3, 41
Suppose -22364 = -2*y - 2*m, -25 = -2*m - 15. What are the prime factors of y?
11177
Let z(p) = 4*p**2 + 8*p - 5. Let j be z(-3). What are the prime factors of j/35 - (-519)/5?
2, 13
List the prime factors of 2/(-2) + (765/10)/(-9)*-278.
2, 1181
Let c(x) = 469*x - 1744. What are the prime factors of c(5)?
601
Let q(d) = -2*d**3 + 153*d**2 + 74*d - 162. What are the prime factors of q(75)?
3, 41, 181
Let o(q) = -q**3 - 18*q**2 - q - 12. Let f be o(-18). Suppose f*x + 166 - 1024 = 0. What are the prime factors of x?
11, 13
Let r be 33162/18 - 2/6. Let x be (-8 - r)*(-2)/4. Suppose -3*p + u + x = 0, 4 = u - 5*u. What are the prime factors of p?
2, 7, 11
Suppose 7*a + 9*a - 4*a = 0. Let t(k) = k**2 - 9*k + 433. What are the prime factors of t(a)?
433
Let n(b) = -30 - 19*b**2 + 9 + 24*b + 1 - b**3. Let y be n(-20). Let a = -29 - y. What are the prime factors of a?
71
Suppose 491*w = 429*w + 3622